{"id":757,"date":"2023-06-11T09:28:28","date_gmt":"2023-06-11T09:28:28","guid":{"rendered":"https:\/\/raudhatulmuhibbin.ac.id\/?page_id=757"},"modified":"2023-08-31T00:58:40","modified_gmt":"2023-08-31T00:58:40","slug":"panduan-tehnis-akademis","status":"publish","type":"page","link":"https:\/\/raudhatulmuhibbin.ac.id\/web\/panduan-tehnis-akademis\/","title":{"rendered":"Panduan Tehnis Akademis"},"content":{"rendered":"<div class=\"wpb-content-wrapper\"><p>[vc_row][vc_column][vc_custom_heading text=&#8221;A. Tahfidz Al-Quran&#8221; el_id=&#8221;Tahfidz_Al-Quran&#8221;][vc_text_separator title=&#8221;PANDUAN PETUNJUK &#8211; Tahifdz al-Qur&#8217;an&#8221; title_align=&#8221;separator_align_left&#8221; align=&#8221;align_left&#8221; color=&#8221;black&#8221;][vc_column_text]<\/p>\n<ol>\n<li><strong>Pengertian<\/strong><\/li>\n<\/ol>\n<p><em>Tahf\u00eedz <\/em>Al-Quran adalah salah satu kompetensi mahasantri Ma\u2019had Aly untuk menghafalkan Al-Qur\u2019an dengan batas per semester dan target yang telah ditentukan oleh Ma\u2019had Aly. Mata kuliah ini masuk dalam kurikulum <em>Raudhah<\/em> di Ma\u2019had Aly Raudhatul Muhibbin dengan bobot sistem kredit semester sebesar 4 SKS.<\/p>\n<ol start=\"2\">\n<li><strong>Instrumen Ujian <\/strong><\/li>\n<\/ol>\n<p>Ujian dilakukan dengan 2 metode, yaitu <em>imti<u>h<\/u>\u00e2n syafah\u00ee <\/em>\u00a0(ujian lisan dengan bobot nilai 50) dan <em>imti<u>h<\/u>\u00e2n ta<u>h<\/u>r\u00eer\u00ee <\/em>\u00a0(ujian tulisan dengan bobot nilai 50).<\/p>\n<ol start=\"3\">\n<li><strong>Jumlah Hafalan<\/strong><\/li>\n<\/ol>\n<p>Target hafalan setiap mahasantri minimal 2 juz, mahasantri bisa memilih dari tiga pilihan di bawah ini.<\/p>\n<table border=\"1\" width=\"600\">\n<tbody>\n<tr>\n<td style=\"text-align: center;\" width=\"46\"><strong>No.<\/strong><\/td>\n<td style=\"text-align: center;\" width=\"340\"><strong>Surah <\/strong><\/td>\n<td style=\"text-align: center;\" width=\"48\"><strong>Juz<\/strong><\/td>\n<td style=\"text-align: center;\" width=\"141\"><strong>Ayat <\/strong><\/td>\n<\/tr>\n<tr>\n<td style=\"text-align: center;\" width=\"46\"><strong>1.<\/strong><\/td>\n<td width=\"340\">Al-Baqarah<\/td>\n<td style=\"text-align: center;\" width=\"48\">I<\/td>\n<td style=\"text-align: center;\" width=\"141\">1-141<\/td>\n<\/tr>\n<tr>\n<td style=\"text-align: center;\" width=\"46\"><strong>2.<\/strong><\/td>\n<td width=\"340\">Al-Baqarah<\/td>\n<td style=\"text-align: center;\" width=\"48\">II<\/td>\n<td style=\"text-align: center;\" width=\"141\">142-252<\/td>\n<\/tr>\n<tr>\n<td style=\"text-align: center;\" width=\"46\"><strong>3.<\/strong><\/td>\n<td width=\"340\">An-Naba \u2013 An-N\u00e2s<\/td>\n<td style=\"text-align: center;\" width=\"48\">30<\/td>\n<td style=\"text-align: center;\" width=\"141\">Juz \u2018Amma<\/td>\n<\/tr>\n<tr>\n<td style=\"text-align: center;\" width=\"46\"><strong>4.<\/strong><\/td>\n<td width=\"340\">Surah Yasin, Al-Mulk, Al-Kahfi<\/td>\n<td colspan=\"2\" width=\"189\"><\/td>\n<\/tr>\n<\/tbody>\n<\/table>\n<p>&nbsp;<\/p>\n<ol start=\"4\">\n<li><strong>Tempat Pelaksanaan<\/strong><\/li>\n<\/ol>\n<p><strong>\u00a0<\/strong>Pelaksanaan di Pondok Pesantren Ma\u2019had Aly Raudhatul Muhibbin<\/p>\n<ol start=\"5\">\n<li><strong>Pelaksanaan Ujian<\/strong><\/li>\n<\/ol>\n<p><strong>\u00a0<\/strong><\/p>\n<ol>\n<li>Mahasantri yang sudah siap melaksanakan evaluasi <em>imti<u>h<\/u>\u00e2n syafah\u00ee <\/em>(ujian lisan) dan <em>imti<u>h<\/u>\u00e2n ta<u>h<\/u>r\u00eer\u00ee <\/em>\u00a0(ujian tulisan) silahkan mendaftar ke pihak Ma\u2019had Aly.<\/li>\n<li>Pihak Ma\u2019had Aly akan menentukan jadwal ujian kepada mahasantri yang bersangkutan.<\/li>\n<li><em>Imti<u>h<\/u>\u00e2n syafah\u00ee <\/em>(ujian lisan) dan <em>imti<u>h<\/u>\u00e2n ta<u>h<\/u>r\u00eer\u00ee <\/em>\u00a0(ujian tulisan) dilakukan dalam satu waktu yang sama.<\/li>\n<li>Pelaksanaan dilakukan dua tahap: Tahap pertama sebanyak 1 juz dan tahap kedua sebanyak 2 juz.<\/li>\n<\/ol>\n<p>&nbsp;<\/p>\n<p>Contoh: Fulan telah menyelesaikan hafalan surah al-Baqarah juz 1 (ayat 1-141) pada semester 2 dan ingin mengajukan <em>imti<u>h<\/u>\u00e2n syafah\u00ee <\/em>\u00a0(ujian lisan) dan <em>imti<u>h<\/u>\u00e2n ta<u>h<\/u>r\u00eer\u00ee <\/em>\u00a0(ujian tulisan), setelah selesai dan dinyatakan <em>naj\u00e2<u>h, <\/u><\/em>Fulan diperbolehkan melanjutkan hafalannya di semester atau waktu setelahnya. Untuk tahap kedua Fulan bisa mengajukan <em>imti<u>h<\/u>\u00e2n <\/em>kembali sebanyak 2 juz (ayat 1-252).<\/p>\n<p>Demikian petunjuk teknis ini kami sampaikan, disamping pengadaan evaluasi ini kami tetap memberikan apresiasi yang begitu besar kepada para mahasantri yang mempunyai hafalan yang banyak.[\/vc_column_text][\/vc_column][\/vc_row][vc_row][vc_column][vc_custom_heading text=&#8221;B. Hifdz al-Mut\u00fbn al-Hikam al-At\u00e2iyyah&#8221; el_id=&#8221;Hifdz_al-Mut\u00fbn&#8221;][vc_text_separator title=&#8221;PANDUAN PETUNJUK &#8211; Hifdz al-Mut\u00fbn al-Hikam al-At\u00e2iyyah&#8221; title_align=&#8221;separator_align_left&#8221; align=&#8221;align_left&#8221; color=&#8221;black&#8221;][vc_column_text]\u0642\u0633\u0645: \u0627\u0644\u062a\u0635\u0648\u0641 \u0648\u0637\u0631\u064a\u0642\u062a\u0647\u060c \u062a\u062e\u0635\u0635: \u0639\u0644\u0648\u0645 \u0627\u0644\u062a\u0635\u0648\u0641<\/p>\n<ol>\n<li><strong>Pengertian<\/strong><strong style=\"font-size: 1rem;\">\u00a0<\/strong><\/li>\n<\/ol>\n<p><em><u>H<\/u><\/em><em>ifdz al-Mut\u00fbn al-<u>H<\/u>ikam al-A<u>t<\/u>\u00e2iyyah <\/em>adalah salah satu kompetensi mahasantri Ma\u2019had Aly setelah menyelesaikan pelajaran hikmah hikmah sufistik I &amp; II dengan menggunakan kitab <em>Al-Hikam al-\u2018At\u00e2iyyah<\/em>\u00a0 (Ibn At\u00e2illah al-Sakandar\u00ee)\u00a0 dengan batas waktu sebelum mendaftarkan sidang munaqasyah dan target yang telah ditentukan oleh Ma\u2019had Aly. Mata kuliah ini masuk dalam kurikulum <em>Raudhah<\/em> di Ma\u2019had Aly Raudhatul Muhibbin dengan bobot sistem kredit semester sebesar 2 SKS.<\/p>\n<ol start=\"2\">\n<li><strong>Instrumen Ujian <\/strong><\/li>\n<\/ol>\n<p>Ujian bisa dilakukan dengan 1 metode atau lebih, yaitu <em>imti<u>h<\/u>\u00e2n syafah\u00ee <\/em>\u00a0(ujian lisan dengan bobot nilai 50) dan <em>imti<u>h<\/u>\u00e2n ta<u>h<\/u>r\u00eer\u00ee <\/em>\u00a0(ujian tulisan dengan bobot nilai 50), atau salah satunya sehingga mendapat bobot nilai 100 tergantung kebijakan dari dosen pengampu mata kuliah.<\/p>\n<ol start=\"3\">\n<li><strong>Kitab Referensi <\/strong><\/li>\n<\/ol>\n<p>Kitab Al-Hikam yang berisikan matan-matan al-Hikam, seperti <em>Al-Hikam al-\u2018At\u00e2iyyah al-Kubr\u00e2 wa al-Sugr\u00e2 wa al-Mun\u00e2j\u00e2t al-Il\u00e2hiyyah wa al-Muk\u00e2tab\u00e2t <\/em>Penerbit DKI Dar Al-Kotob al-Ilmiyyah<strong>\u00a0<\/strong><\/p>\n<ol start=\"4\">\n<li><strong>Tempat Pelaksanaan<\/strong><\/li>\n<\/ol>\n<p>Pelaksanaan di Pondok Pesantren Ma\u2019had Aly Raudhatul Muhibbin<\/p>\n<ol start=\"5\">\n<li><strong>Pelaksanaan Ujian<\/strong><\/li>\n<li>Mahasantri yang sudah menyelesaikan mata kuliah Al-Hikam di semester tersebut.<\/li>\n<li>Pihak Ma\u2019had Aly akan menentukan jadwal ujian kepada mahasantri yang bersangkutan.<\/li>\n<li><em>Imti<u>h<\/u>\u00e2n syafah\u00ee <\/em>(ujian lisan) dan <em>imti<u>h<\/u>\u00e2n ta<u>h<\/u>r\u00eer\u00ee <\/em>\u00a0(ujian tulisan) dilakukan dalam satu waktu yang sama atau sesuai kebijakan dosen pengampu mata kuliah tersebut.<\/li>\n<\/ol>\n<p>Demikian petunjuk teknis ini kami sampaikan, disamping pengadaan evaluasi ini kami tetap memberikan apresiasi yang begitu besar kepada para mahasantri yang mempunyai hafalan yang banyak.[\/vc_column_text][\/vc_column][\/vc_row][vc_row][vc_column][vc_custom_heading text=&#8221;C. Ujian Semester&#8221; el_id=&#8221;Ujian_Semester&#8221;][vc_text_separator title=&#8221;PANDUAN PETUNJUK &#8211; EVALUASI UJIAN SEMESTER&#8221; title_align=&#8221;separator_align_left&#8221; align=&#8221;align_left&#8221; color=&#8221;black&#8221;][vc_column_text]<strong>\u0642\u0633\u0645: \u0627\u0644\u062a\u0635\u0648\u0641 \u0648\u0637\u0631\u064a\u0642\u062a\u0647\u060c \u062a\u062e\u0635\u0635: \u0639\u0644\u0648\u0645 \u0627\u0644\u062a\u0635\u0648\u0641<\/strong><\/p>\n<ol>\n<li><strong>Pengertian <\/strong><\/li>\n<\/ol>\n<p>Ujian semester \u00a0adalah kegiatan evaluasi yang dilaksanakan untuk mengukur tingkat penguasaan mahasantri dalam bidang keilmuan kitab yang diajarkan pada mata kuliah di Ma\u2019had Aly. Kegiatan ini bertujuan untuk:<\/p>\n<ol>\n<li>Mengukur kemampuan akademik mahasantri dalam belajar serta mendapatkan umpan balik untuk perbaikan dan pengembangan sistem dan proses pembelajaran<\/li>\n<li>Evaluasi hasil belajar menggunakan ujian dan pada aspek tertentu dapat menggunakan observasi dan angket pengukuran sikap, dan ublicent lainnya sesuai dengan keperluan<\/li>\n<li>Evaluasi hasil belajar dapat mencakup penguasaan materi kitab, tugas-tugas terstruktur, kegiatan mandiri, kegiatan praktikum, kuliah lapangan, dan tugas-tugas akademik lainnya.<\/li>\n<li>Menjadi salah satu ublicen kelulusan mahasantri untuk masuk ke jenjang atau semester berikutnya.<\/li>\n<li>Evaluasi keberhasilan mahasantri dilakukan pada tiap semester. Mahasantri yang mendapatkan nilai dibawah indeks keberhasilah maka dinyatakan <em>rasib <\/em>(tidak lulus) pada mata kuliah tersebut, dan diwajibkan mengikuti ujian remedial (\u0627\u0645\u062a\u062d\u0627\u0646 \u0627\u0644\u062a\u062e\u0644\u0641<strong>).<\/strong><\/li>\n<li><strong>Jenis Ujian <\/strong><\/li>\n<li>Ujian Semester Awal (Ganjil)<\/li>\n<\/ol>\n<p>\u0627\u0644\u0627\u0645\u062a\u062d\u0627\u0646 \u0644\u0644\u0641\u0635\u0644 \u0627\u0644\u062f\u0631\u0627\u0633\u064a \u0627\u0644\u0627\u0648\u0644 \u0661.<\/p>\n<ol>\n<li>Ujian Semester Akhir (Genap)<\/li>\n<\/ol>\n<p>\u0627\u0644\u0627\u0645\u062a\u062d\u0627\u0646 \u0644\u0644\u0641\u0635\u0644 \u0627\u0644\u062f\u0631\u0627\u0633\u064a \u0627\u0644\u0646\u0647\u0627\u0626\u064a \u00a0\u0662.<\/p>\n<ol>\n<li>Ujian Remedial<\/li>\n<\/ol>\n<p>\u0663. \u0627\u0645\u062a\u062d\u0627\u0646 \u0627\u0644\u062a\u062e\u0644\u0641<\/p>\n<ol start=\"3\">\n<li><strong>Waktu dan Pelaksanaan<\/strong><\/li>\n<\/ol>\n<p>Waktu ujian dilaksanakan setiap akhir semester oleh masing-masing pengajar, dan wajib dilaksanakan di Pondok Pesantren. Pengajar atau Dosen boleh memberikan ujian dalam bentuk tulisan maupun secara lisan.<\/p>\n<ol start=\"4\">\n<li><strong>Penilaian<\/strong><\/li>\n<\/ol>\n<ul>\n<li>Penilaian pada setiap mata kuliah meliputi dari: 1.) Ujian Tengah Semester sebesar 25% berupa ujian atau tugas dari Dosen, 2.) Ujian Akhir Semester sebesar 60% berupa ujian atau evaluasi, 3.) Kemandirian atau Terstruktur sebesar 15 % berupa keaktifan, diskusi dan kedisiplinan mahasantri selama berada pada kegiatan belajar mengajar.<\/li>\n<li>Skor penilaian menggunakan Nilai Huruf (NH), Angka Mutu (AM) dan Sebutan Mutu (SM) sebagai berikut:<\/li>\n<\/ul>\n<p><img loading=\"lazy\" decoding=\"async\" class=\"alignnone wp-image-782 size-full\" src=\"https:\/\/raudhatulmuhibbin.ac.id\/web\/wp-content\/uploads\/Screen-Shot-2023-06-11-at-16.48.35.png\" alt=\"\" width=\"431\" height=\"321\" srcset=\"https:\/\/raudhatulmuhibbin.ac.id\/web\/wp-content\/uploads\/Screen-Shot-2023-06-11-at-16.48.35.png 431w, https:\/\/raudhatulmuhibbin.ac.id\/web\/wp-content\/uploads\/Screen-Shot-2023-06-11-at-16.48.35-300x223.png 300w\" sizes=\"auto, (max-width: 431px) 100vw, 431px\" \/><\/p>\n<p>Contoh cara pengolahan nilai dari Dosen untuk mencari nilai angka, nilai huruf dan nilai mutu adalah sebagai berikut. Sebagai contoh kita akan mencari Nilai Akhir Fulan\u00a0 yang mengambil matakuliah Hadis Sufistik\u00a0 dengan jumlah SKS 3\u00a0 dengan rincian nilai sebagai berikut:<\/p>\n<table border=\"1\" width=\"600\">\n<tbody>\n<tr>\n<td style=\"text-align: center;\" colspan=\"2\" width=\"163\"><strong>MANDIRI<\/strong><\/td>\n<td style=\"text-align: center;\" colspan=\"2\" width=\"145\"><strong>UTS<\/strong><\/td>\n<td style=\"text-align: center;\" colspan=\"2\" width=\"154\"><strong>UAS<\/strong><\/td>\n<td style=\"text-align: center;\" rowspan=\"2\" width=\"53\"><strong>NA<\/strong><\/td>\n<td style=\"text-align: center;\" rowspan=\"2\" width=\"56\"><strong>NH<\/strong><\/td>\n<td style=\"text-align: center;\" rowspan=\"2\" width=\"60\"><strong>AM<\/strong><\/td>\n<\/tr>\n<tr>\n<td style=\"text-align: center;\" width=\"65\"><strong>Nilai<\/strong><\/td>\n<td style=\"text-align: center;\" width=\"98\"><strong>15%<\/strong>\u00a0X Nilai<\/td>\n<td style=\"text-align: center;\" width=\"53\"><strong>Nilai<\/strong><\/td>\n<td style=\"text-align: center;\" width=\"91\"><strong>25%<\/strong>\u00a0X Nilai<\/td>\n<td style=\"text-align: center;\" width=\"60\"><strong>Nilai<\/strong><\/td>\n<td style=\"text-align: center;\" width=\"94\"><strong>60%<\/strong>\u00a0X Nilai<\/td>\n<\/tr>\n<tr>\n<td style=\"text-align: center;\" width=\"65\"><strong>90<\/strong><\/td>\n<td style=\"text-align: center;\" width=\"98\">12,75<\/td>\n<td style=\"text-align: center;\" width=\"53\">70<\/td>\n<td style=\"text-align: center;\" width=\"91\">24,15<\/td>\n<td style=\"text-align: center;\" width=\"60\">85<\/td>\n<td style=\"text-align: center;\" width=\"94\">21<\/td>\n<td style=\"text-align: center;\" width=\"53\">82<\/td>\n<td style=\"text-align: center;\" width=\"56\">B<\/td>\n<td style=\"text-align: center;\" width=\"60\">3,2<\/td>\n<\/tr>\n<\/tbody>\n<\/table>\n<p>&nbsp;<\/p>\n<p>Nilai Mandiri = 15% x\u00a0<strong>90<\/strong>\u00a0= 13,5<br \/>\nNilai UTS = 25% x\u00a0<strong>70<\/strong>\u00a0= 17,5<br \/>\nNilai UAS = 60% x <strong>85 <\/strong>= 51<br \/>\nNilai Angka (NA) = (13,5) + (17,5) + (51) =\u00a0<strong>82<br \/>\n<\/strong>Nilai Huruf (NH) = Dari Tabel Penilaian, jika Nilai Angka = <strong>82<\/strong>\u00a0 maka Nilai Huruf yang diperoleh adalah\u00a0<strong>B<br \/>\n<\/strong>Nilai Mutu = Dari Tabel Penilaian, jika Nilai Huruf = B\u00a0 maka Nilai Mutu yang diperoleh adalah\u00a0<strong>3,2<\/strong><\/p>\n<ol start=\"5\">\n<li><strong>Pengulangan Mata Kuliah<\/strong><\/li>\n<\/ol>\n<p><strong>\u0627\u0645\u062a\u062d\u0627\u0646 \u0627\u0644\u062a\u062e\u0644\u0641<\/strong><\/p>\n<ul>\n<li>Mahasantri yang mendapat nilai C kebawah wajib mengulang perkuliahan secara utuh matakuliah bersangkutan.<\/li>\n<li>Mahasantri yang mendapat nilai C, wajib memperbaiki nilainya dengan mengikuti arahan dari dosen pengampu matakuliah tersebut, Dosen dapat memberikan kebijakan berupa mengerjakan tugas akademik dengan ublicent ujian tulis atau lisan; atau mengikuti beberapa kelas dari mata kuliah dosen tersebut sesuai dengan kebijakan dan pengamatan dosen.<\/li>\n<li>Bagi mahasantri penerima program beasiswa harus memiliki nilai angka \u2265 75 pada setiap mata kuliah yang ditempuh.<\/li>\n<li>Mahasantri penerima program beasiswa hanya diberikan kesempatan satu kali mengikuti ujian remedial, apabila dinyatakan gagal, maka beasiswa yang bersangkutan akan dicabut pada semester tersebut. Kemudian apabila dinyatakan lulus kembali, program beasiswa bisa dilanjutkan di semester berikutnya.<\/li>\n<li>Mahasantri Reguler diperbolehkan melakukan perbaikan nilai sebanyak-banyaknya dua kali.<strong style=\"font-size: 1rem;\">\u00a0<\/strong><\/li>\n<\/ul>\n<p>&nbsp;<\/p>\n<p>[\/vc_column_text][\/vc_column][\/vc_row][vc_row][vc_column][vc_custom_heading text=&#8221;D. Sidang Komprehensif&#8221; el_id=&#8221;Sidang_Komprehensif&#8221;][vc_text_separator title=&#8221;PANDUAN PETUNJUK &#8211; TUGAS AKHIR KARYA TULIS&#8221; title_align=&#8221;separator_align_left&#8221; align=&#8221;align_left&#8221; color=&#8221;black&#8221;][vc_column_text]<strong>\u00a0<\/strong><\/p>\n<ol>\n<li><strong> Pengertian <\/strong><\/li>\n<\/ol>\n<p>Ujian Komprehensif adalah ujian yang dilaksanakan untuk mengukur tingkat penguasaan mahasantri dalam bidang keilmuan kitab dan untuk mengukur juga kemampuan berpikir mahasiswa secara interdisipliner sebagai salah satu syarat kelulusan mahasantri di Pondok Pesantren Ma\u2019had Aly Raudhatul Muhibbin berdasarkan tata tertib mahasantri BAB II Pasal 3 ayat 7.<\/p>\n<p>&nbsp;<\/p>\n<ol start=\"2\">\n<li><strong> Pelaksanaan Ujian Komprehensif<\/strong><\/li>\n<li>Mahasantri terdaftar sebagai mahasantri aktif semester akhir, dan bukan dalam masa penangguhan (cuti, atau tanpa keterangan)<\/li>\n<li>Mahasantri meliputi mahasantri program beasiswa dan program regular<\/li>\n<li>Mahasantri telah dinyatakan lulus pada ujian evaluasi sebelumnya (<em>mendapatkan bobot nilai diatas 70<\/em>)<\/li>\n<li>Setiap mahasantri mengisi surat permohonan ujian komprehensif kepada pihak pondok pesantren<\/li>\n<li>Mahasantri akan diberikan kartu ujian komprehensif dan di perkenankan mengisi judul kitab untuk pengajuan ujian komprehensif.<\/li>\n<li>Mahasantri dinyatakan lulus apabila telah menyelesaikan minimal 5 kali materi\/bab yang di ajukan sebagai salah satu ujian komprehensif<\/li>\n<li>Ujian <em>Imla\u2019 \/ Mu<u>t<\/u>\u00e2la\u2019ah <\/em>dilakukan setelah mahasantri mengajukan permohonan ujian komprehensif<\/li>\n<li>Setiap satu materi\/ bab berdasarkan arahan dosen penguji, berikut tanggal pelaksanaan ujian, penilaian, kelulusan setiap poin materi\/bab diserahkan seluruhnya kepada dosen \/penguji<\/li>\n<li>Mahasantri dinyatakan lulus apabila menyelesaikan ujian komprehensif dan mendapatkan berita acara ujian komprehensif.<\/li>\n<\/ol>\n<p><strong>\u00a0<\/strong><\/p>\n<p><strong>Daftar Nama Kitab<\/strong><\/p>\n<p><strong>\u00a0sebagai bahan Ujian Komprehensif<\/strong><\/p>\n<table border=\"1\" width=\"600\">\n<tbody>\n<tr>\n<td width=\"201\"><strong>\u0627\u0644\u0645\u0624\u0644\u0641<\/strong><\/td>\n<td colspan=\"2\" width=\"358\"><strong>\u0627\u0633\u0645 \u0627\u0644\u0643\u062a\u0627\u0628<\/strong><\/td>\n<td width=\"44\"><strong>\u0631\u0642\u0645<\/strong><\/td>\n<\/tr>\n<tr>\n<td rowspan=\"6\" width=\"201\">&nbsp;<\/p>\n<p>&nbsp;<\/p>\n<p>&nbsp;<\/p>\n<p>\u0627\u0628\u0648 \u062d\u0627\u0645\u062f \u0627\u0644\u063a\u0632\u0627\u0644\u064a<\/p>\n<p>&nbsp;<\/p>\n<p>&nbsp;<\/td>\n<td colspan=\"2\" width=\"358\">\u0645\u062c\u0645\u0648\u0639\u0629 \u0627\u0644\u0631\u0633\u0627\u0626\u0644 \u0644\u0644\u0625\u0645\u0627\u0645 \u0627\u0644\u063a\u0632\u0627\u0644\u064a<\/td>\n<td rowspan=\"6\" width=\"44\"><strong>\u00a0<\/strong><\/p>\n<p><strong>\u00a0<\/strong><\/p>\n<p><strong>\u0661<\/strong><\/td>\n<\/tr>\n<tr>\n<td width=\"179\">\u0627\u0644\u0645\u0646\u0642\u0630 \u0645\u0646 \u0627\u0644\u0636\u0644\u0627\u0644<\/td>\n<td width=\"179\">\u0643\u064a\u0645\u064a\u0627 \u0627\u0644\u0633\u0639\u0627\u062f\u0629<\/td>\n<\/tr>\n<tr>\n<td width=\"179\">\u0645\u0634\u0643\u0627\u0629 \u0627\u0644\u0623\u0646\u0648\u0627\u0631<\/td>\n<td width=\"179\">\u0623\u064a\u0647\u0627 \u0627\u0644\u0648\u0644\u062f<\/td>\n<\/tr>\n<tr>\n<td width=\"179\">\u0627\u0644\u062c\u0627\u0645 \u0627\u0644\u0639\u0648\u0627\u0645 \u0639\u0646 \u0639\u0644\u0645 \u0627\u0644\u0643\u0644\u0627\u0645<\/td>\n<td width=\"179\">\u0628\u062f\u0627\u064a\u0629 \u0627\u0644\u0647\u062f\u0627\u064a\u0629<\/td>\n<\/tr>\n<tr>\n<td width=\"179\">\u0627\u0644\u0643\u0634\u0641 \u0648\u0627\u0644\u062a\u0628\u064a\u064a\u0646<\/td>\n<td width=\"179\">\u0627\u0644\u0642\u0648\u0627\u0639\u062f \u0627\u0644\u0639\u0634\u0631<\/td>\n<\/tr>\n<tr>\n<td width=\"179\">\u0627\u0644\u0645\u0642\u0635\u062f \u0627\u0644\u0627\u0633\u0646\u0649<\/td>\n<td width=\"179\">\u0627\u0644\u0631\u0633\u0627\u0644\u0629 \u0627\u0644\u0644\u062f\u0646\u064a\u0629<\/td>\n<\/tr>\n<tr>\n<td width=\"201\">\u00a0\u0627\u0628\u0648 \u062d\u0627\u0645\u062f \u0627\u0644\u063a\u0632\u0627\u0644\u064a<\/td>\n<td colspan=\"2\" width=\"358\">\u0643\u062a\u0627\u0628 \u0627\u0644\u0623\u0631\u0628\u0639\u064a\u0646 \u0641\u064a \u0623\u0635\u0648\u0644 \u0627\u0644\u062f\u064a\u0646<\/td>\n<td width=\"44\"><strong>\u0662<\/strong><\/td>\n<\/tr>\n<tr>\n<td width=\"201\">\u00a0\u0627\u0628\u0648 \u062d\u0627\u0645\u062f \u0627\u0644\u063a\u0632\u0627\u0644\u064a<\/td>\n<td colspan=\"2\" width=\"358\">\u0627\u062d\u064a\u0627\u0621 \u0639\u0644\u0648\u0645 \u0627\u0644\u062f\u064a\u0646<\/td>\n<td width=\"44\"><strong>\u0663<\/strong><\/td>\n<\/tr>\n<tr>\n<td width=\"201\">\u0627\u0644\u0627\u0645\u0627\u0645 \u0627\u0644\u0642\u0634\u064a\u0631\u064a<\/td>\n<td colspan=\"2\" width=\"358\">\u0627\u0644\u0631\u0633\u0627\u0644\u0629 \u0627\u0644\u0642\u0634\u064a\u0631\u064a\u0629<\/td>\n<td width=\"44\"><strong>\u0664<\/strong><\/td>\n<\/tr>\n<tr>\n<td width=\"201\">\u0627\u0628\u0646 \u0639\u0637\u0627\u0621 \u0627\u0644\u0644\u0647 \u0627\u0644\u0633\u0643\u0646\u062f\u0631\u064a<\/td>\n<td colspan=\"2\" width=\"358\">\u0627\u0644\u062d\u0643\u0645 \u0627\u0644\u0639\u0637\u0627\u0626\u064a\u0629<\/td>\n<td width=\"44\"><strong>\u0665<\/strong><\/td>\n<\/tr>\n<tr>\n<td width=\"201\">\u0639\u0628\u062f \u0627\u0644\u0642\u0627\u062f\u0631 \u0639\u064a\u0633\u0649<\/td>\n<td colspan=\"2\" width=\"358\">\u062d\u0642\u0627\u0626\u0642 \u0639\u0646 \u0627\u0644\u062a\u0635\u0648\u0641<\/td>\n<td width=\"44\"><strong>\u0666<\/strong><\/td>\n<\/tr>\n<tr>\n<td width=\"201\">\u0627\u0628\u0646 \u0639\u062c\u064a\u0628\u0629 \u0627\u0644\u062d\u0633\u0646\u064a<\/td>\n<td colspan=\"2\" width=\"358\">\u0645\u0639\u0631\u0627\u062c \u0627\u0644\u062a\u0634\u0648\u0641 \u0627\u0644\u0649 \u062d\u0642\u0627\u0626\u0642 \u0627\u0644\u062a\u0635\u0648\u0641<\/td>\n<td width=\"44\"><strong>\u0667<\/strong><\/td>\n<\/tr>\n<tr>\n<td colspan=\"3\" width=\"559\">\u0627\u0644\u0625\u0645\u0644\u0627\u0621<\/td>\n<td width=\"44\"><strong>\u0668<\/strong><\/td>\n<\/tr>\n<\/tbody>\n<\/table>\n<p><strong>\u00a0<\/strong><\/p>\n<p><strong>\u00a0<\/strong>[\/vc_column_text][\/vc_column][\/vc_row][vc_row][vc_column][vc_custom_heading text=&#8221;E. Sidang Munaqasyah&#8221; el_id=&#8221;Sidang_Munaqasyah&#8221;][vc_text_separator title=&#8221;PANDUAN PETUNJUK &#8211; UJIAN KOMPREHENSIF&#8221; title_align=&#8221;separator_align_left&#8221; align=&#8221;align_left&#8221; color=&#8221;black&#8221;][vc_column_text]<strong>\u00a0<\/strong><\/p>\n<ol start=\"1\">\n<li><strong> Pengertian <\/strong><\/li>\n<\/ol>\n<p>Tugas akhir karya tulis (skripsi) adalah karya ilmiah yang wajib ditulis oleh mahasantri sebagai salah satu syarat lulus di Ma\u2019had Aly.<\/p>\n<ol start=\"2\">\n<li><strong> Teknis Bimbingan Tugas Akhir <\/strong><\/li>\n<\/ol>\n<ul>\n<li style=\"list-style-type: none;\">\n<ul>\n<li>Mahasantri terdaftar sebagai mahasantri aktif semester akhir, dan bukan dalam masa penangguhan.<\/li>\n<li>Mahasantri merupakan mahasantri program beasiswa atau program regular.<\/li>\n<li>Mahasantri mengajukan tugas akhir berupa syarah kitab kepada Mudir Ma\u2019had Aly.<\/li>\n<li>Mahasantri akan diberikan form bimbingan tugas akhir.<\/li>\n<li>Setiap mahasantri diwajibkan melaporkan hasil penelitiannya setiap bab kepada dosen.<\/li>\n<li>Dosen pembimbing akan melakukan revisi dan catatan karya tulis mahasantri.<\/li>\n<li>Skripsi yang selesai dan sudah di-<em>acc<\/em> maka akan dibuatkan jadwal sidang tertutup.<\/li>\n<li>Pedoman kepenulisan akan diarahkan langsung oleh dosen terkait.<\/li>\n<\/ul>\n<\/li>\n<\/ul>\n<p>&lt;\/ul<\/p>\n<ol>\n<li style=\"list-style-type: none;\">\n<ol>\n<li style=\"list-style-type: none;\">\n<ol start=\"3\">\n<li><strong> Pelaksanaan Sidang Akhir <\/strong><\/li>\n<\/ol>\n<\/li>\n<\/ol>\n<\/li>\n<\/ol>\n<ul>\n<li>Mahasantri melampirkan proposal tugas akhirnya kepada pihak dosen terkait untuk diberikan evaluasi dan pengarahan, serta dilakukan pengujian secara langsung sampai mendapatkan revisi dan arahan dari dosen terkait<\/li>\n<\/ul>\n<p>Mahasantri harus menyelesaikan ujian komprehensif yang dibuktikan dengan berita acara ujian komprehensif serta menyelesaikan hafalan Al-Quran dan hafalan matan al-Hikam.<\/p>\n<p>Mahasantri yang telah diperiksa dan di <em>Acc<\/em> oleh dosen, maka berhak untuk melaksanakan <em>Sidang Tertutup<\/em>.<\/p>\n<p>Sebelum mendaftarkan naskah untuk diujikan, mahasantri harap memastikan kelayakan naskah syarah kitab, diantaranya dengan memastikan bahwa tidak ada pelanggaran etik (<em>plagiarisme<\/em>)<\/p>\n<p>Membuat surat pernyataan bebas plagiasi (<em>Lihat pedoman kepenulisan Ma<\/em><em>\u2019<\/em><em>had Aly Raudhatul Muhibbin<\/em>).<\/p>\n<p>Naskah sudah dikirimkan kepada dosen baik langsung atau via email dan sudah mendapat persetujuan (<em>a<\/em><em>pprove<\/em><em>\/acc<\/em><em>) <\/em>untuk bisa melaksanakan<\/p>\n<p>Ketika sidang nanti, mahasantri memberikan naskah kepada tim p<\/p>\n<p>Proses sidang sekitar 90-120 menit, mahasantri memberikan presentasi selama 7-10 menit untuk memaparkan hasil penelitiannya (<em>bisa menggunakan media power point<\/em>)<\/p>\n<p>Mahasantri menggunakan jas, kemeja putih, (sarung \/ celana), kopiah hitam polos, dan tidak berambut gondrong.<\/p>\n<p>Sidang dilaksanakan di Pondok Pesantren Ma\u2019had Aly dengan audiensi atau ublic.<\/p>\n<p>Mahasantri yang dinyatakan lulus pada sidang akhir diwajibkan melakukan revisi dan mengirimkan kembali kepada ketua penguji, dosen penguji dan dosen pembimbing sampai mendapatkan <em>approve \/ acc<\/em>.<\/p>\n<p>Mahasantri yang dinyatakan lulus berhak menyandang gelar S.Ag serta bisa mendaftar yudisium dan wisuda.<\/p>\n<p>Pondok Pesantren akan mengeluarkan berita acara kelulusan sidang skripsi<strong>.<\/strong><\/p>\n<p>Mahasantri diwajibkan menjilid skripsinya sesuai ketentuan pedoman dan meminta tanda tangan <em>lajnah ta<u>s<\/u>d\u00eeq<\/em> serta menyerahkan kepada pengasuh Pondok Pesantren.<\/p>\n<p>Pondok Pesantren akan memberikan Surat Kelulusan dan salinan Ijazah Strata-1 (menunggu proses verifikasi nomor registrasi dari kementerian Agama untuk mendapatkan ijazah asli).<\/p>\n<p>Mahasantri akan diberikan jadwal kepulangan dari pihak pondok pesantren.[\/vc_column_text][\/vc_column][\/vc_row]<\/p>\n<\/div>","protected":false},"excerpt":{"rendered":"<p>[vc_row][vc_column][vc_custom_heading text=&#8221;A. Tahfidz Al-Quran&#8221; el_id=&#8221;Tahfidz_Al-Quran&#8221;][vc_text_separator title=&#8221;PANDUAN PETUNJUK &#8211; Tahifdz al-Qur&#8217;an&#8221; title_align=&#8221;separator_align_left&#8221; align=&#8221;align_left&#8221; color=&#8221;black&#8221;][vc_column_text] Pengertian Tahf\u00eedz Al-Quran adalah salah satu kompetensi mahasantri Ma\u2019had Aly untuk menghafalkan Al-Qur\u2019an dengan batas per semester [&hellip;]<\/p>\n","protected":false},"author":1,"featured_media":0,"parent":0,"menu_order":0,"comment_status":"closed","ping_status":"closed","template":"page-templates\/template-fullwidth.php","meta":{"footnotes":""},"class_list":["post-757","page","type-page","status-publish","hentry"],"_links":{"self":[{"href":"https:\/\/raudhatulmuhibbin.ac.id\/web\/wp-json\/wp\/v2\/pages\/757","targetHints":{"allow":["GET"]}}],"collection":[{"href":"https:\/\/raudhatulmuhibbin.ac.id\/web\/wp-json\/wp\/v2\/pages"}],"about":[{"href":"https:\/\/raudhatulmuhibbin.ac.id\/web\/wp-json\/wp\/v2\/types\/page"}],"author":[{"embeddable":true,"href":"https:\/\/raudhatulmuhibbin.ac.id\/web\/wp-json\/wp\/v2\/users\/1"}],"replies":[{"embeddable":true,"href":"https:\/\/raudhatulmuhibbin.ac.id\/web\/wp-json\/wp\/v2\/comments?post=757"}],"version-history":[{"count":13,"href":"https:\/\/raudhatulmuhibbin.ac.id\/web\/wp-json\/wp\/v2\/pages\/757\/revisions"}],"predecessor-version":[{"id":987,"href":"https:\/\/raudhatulmuhibbin.ac.id\/web\/wp-json\/wp\/v2\/pages\/757\/revisions\/987"}],"wp:attachment":[{"href":"https:\/\/raudhatulmuhibbin.ac.id\/web\/wp-json\/wp\/v2\/media?parent=757"}],"curies":[{"name":"wp","href":"https:\/\/api.w.org\/{rel}","templated":true}]}}